{"id":125,"date":"2022-09-25T14:28:16","date_gmt":"2022-09-25T14:28:16","guid":{"rendered":"https:\/\/www.divinghurghada.eu\/shop\/?post_type=product&#038;p=125"},"modified":"2025-04-16T11:51:47","modified_gmt":"2025-04-16T11:51:47","slug":"advanced-adventure","status":"publish","type":"product","link":"https:\/\/www.divinghurghada.eu\/shop\/index.php\/produkt\/advanced-adventure\/","title":{"rendered":"ADVANCED ADVENTURE DIVER"},"content":{"rendered":"<p>Pokud jste absolvovali kurz Open Water Scuba Diver a nyn\u00ed jste p\u0159ipraveni roz\u0161\u00ed\u0159it sv\u00e9 <a href=\"https:\/\/www.facebook.com\/potapaniehurghada\/\" target=\"_blank\" rel=\"noopener\">znalosti<\/a>, ale r\u00e1di byste nejprve vid\u011bli, co je venku, pak je kurz SDI Advanced Adventure Diver pro v\u00e1s! Kurz SDI Advanced Adventure v\u00e1m poskytne p\u0159ehled o p\u011bti r\u016fzn\u00fdch specialit\u00e1ch SDI. Dv\u011b z po\u017eadovan\u00fdch specializac\u00ed jsou specializace <a href=\"https:\/\/www.divinghurghada.eu\/shop\/index.php\/produkt\/hloubkove-potapeni\/\" target=\"_blank\" rel=\"noopener\">Deep Diver<\/a> a <a href=\"https:\/\/www.divinghurghada.eu\/shop\/index.php\/produkt\/kurz-podvodni-navigace\/\" target=\"_blank\" rel=\"noopener\">Navigation Diver,<\/a> kter\u00e9 jsou z\u00e1kladem dal\u0161\u00edho vzd\u011bl\u00e1v\u00e1n\u00ed pot\u00e1p\u011b\u010d\u016f. Mezi zb\u00fdvaj\u00edc\u00ed speci\u00e1ln\u00ed ponory, pro kter\u00e9 se m\u016f\u017eete rozhodnout, pat\u0159\u00ed:<\/p>\n<ul>\n<li>Pokro\u010dil\u00e9 ovl\u00e1d\u00e1n\u00ed vztlaku<\/li>\n<li>Pot\u00e1p\u011bn\u00ed ve vysok\u00e9 nadmo\u0159sk\u00e9 v\u00fd\u0161ce<\/li>\n<li>Pot\u00e1p\u011bn\u00ed z lod\u011b<\/li>\n<li>Pot\u00e1p\u011bn\u00ed se sm\u011bs\u00ed Nitrox<\/li>\n<li>Pot\u00e1p\u011bn\u00ed v proudech<\/li>\n<li>Pov\u011bdom\u00ed o mo\u0159sk\u00e9m ekosyst\u00e9mu<\/li>\n<li>Mnoho dal\u0161\u00edch!<\/li>\n<\/ul>\n<p>C\u00edlem tohoto kurzu je sezn\u00e1mit v\u00e1s s ka\u017edou z p\u011bti vybran\u00fdch specializac\u00ed;\u00a0ne \u00fapln\u00e9 pochopen\u00ed zvolen\u00e9 specializace.\u00a0K dokon\u010den\u00ed certifikace speciality m\u016f\u017ee b\u00fdt pou\u017eit jeden ponor z ka\u017ed\u00e9 z vybran\u00fdch specializac\u00ed.<\/p>\n<h3>Pro koho je tento kurz ur\u010den:<\/h3>\n<ul>\n<li>Ka\u017ed\u00fd certifikovan\u00fd pot\u00e1p\u011b\u010d na otev\u0159en\u00e9 vod\u011b, kter\u00fd si p\u0159eje roz\u0161\u00ed\u0159it sv\u00e9 pot\u00e1p\u011b\u010dsk\u00e9 znalosti a dovednosti<\/li>\n<li>Ka\u017ed\u00fd certifikovan\u00fd pot\u00e1p\u011b\u010d na otev\u0159en\u00e9 vod\u011b, kter\u00fd by cht\u011bl pokro\u010dit ve v\u00fdcviku pot\u00e1p\u011bn\u00ed<\/li>\n<li>Ka\u017ed\u00fd certifikovan\u00fd pot\u00e1p\u011b\u010d na otev\u0159en\u00e9 vod\u011b, kter\u00fd by cht\u011bl za\u017e\u00edt \u00favod do specialit SDI<\/li>\n<\/ul>\n<h3>P\u0159edpoklady kurzu:<\/h3>\n<ul>\n<li>Minim\u00e1ln\u00ed v\u011bk 18, 10 let se souhlasem rodi\u010d\u016f<\/li>\n<li>SDI Open Water Scuba Diver nebo ekvivalent, SDI Junior Open Water Scuba Diver nebo ekvivalent*<\/li>\n<\/ul>\n<p><em>*Pozn\u00e1mka: Mlad\u0161\u00ed pot\u00e1p\u011b\u010di (10-15) mohou absolvovat pouze speciality schv\u00e1len\u00e9 pro jejich v\u011bk<\/em><\/p>\n<p>Limity pro juniorsk\u00e9 pot\u00e1p\u011b\u010de:<br \/>\nHloubkov\u00e9 pot\u00e1p\u011bn\u00ed: Maxim\u00e1ln\u00ed hloubka pro pot\u00e1p\u011b\u010de 10-15 je 21 metr\u016f\/70 stop<br \/>\nsuch\u00fd oblek;\u00a0minim\u00e1ln\u00ed v\u011bk 12<br \/>\nVrak: Omezen\u00e1 penetrace minim\u00e1ln\u00ed v\u011bk 15<\/p>\n<h3>Co m\u016f\u017eete o\u010dek\u00e1vat, \u017ee se nau\u010d\u00edte:<\/h3>\n<ul>\n<li>P\u0159ehled specialit SDI Deep Diver a SDI Navigation Diver<\/li>\n<li>Z\u00e1kladn\u00ed vhled do t\u0159\u00ed dal\u0161\u00edch vybran\u00fdch specialit dle va\u0161eho v\u00fdb\u011bru jako \u00favod do konkr\u00e9tn\u00ed oblasti pot\u00e1p\u011bn\u00ed<\/li>\n<\/ul>\n<p><em>N\u011bkter\u00e9 z dovednost\u00ed ve vod\u011b zahrnuj\u00ed:<\/em><\/p>\n<ul>\n<li>\u00dasp\u011b\u0161n\u011b prov\u00e1d\u011bjte dovednosti uveden\u00e9 pro pot\u00e1p\u011bn\u00ed jedn\u00e9 ze t\u0159\u00ed vybran\u00fdch specialit a tak\u00e9 obou hlavn\u00edch specialit\n<ul>\n<li>Pot\u00e1p\u011bn\u00ed na otev\u0159en\u00e9 vod\u011b Deep Diver\n<ul>\n<li>Otestujte a zkontrolujte ve\u0161ker\u00e9 vybaven\u00ed<\/li>\n<li>Sezn\u00e1men\u00ed s m\u00edstem pot\u00e1p\u011bn\u00ed<\/li>\n<li>Sestupte do pl\u00e1novan\u00e9 hloubky, nep\u0159ekra\u010dujte \u017e\u00e1dn\u00e9 p\u0159edem napl\u00e1novan\u00e9 limity<\/li>\n<li>Pot\u00e1p\u011bn\u00ed podle pl\u00e1nu v hloubce omezen\u00e9 na 30 metr\u016f\/100 stop<br \/>\n<em>Pot\u00e1p\u011b\u010di ve v\u011bku 10 a\u017e 15 let nesm\u00ed p\u0159ekro\u010dit 21 metr\u016f\/70 stop<\/em><\/li>\n<li>Vystoupejte na bezpe\u010dnostn\u00ed zast\u00e1vku<\/li>\n<li>V\u00fdstup a z\u00e1znam ponoru<\/li>\n<\/ul>\n<\/li>\n<li>Navigace pot\u00e1p\u011bn\u00ed na otev\u0159en\u00e9 vod\u011b\n<ul>\n<li>Stanovte si referen\u010dn\u00ed bod, napl\u00e1nujte ponor a vstupte do vody ze b\u0159ehu\/lod\u011b<\/li>\n<li>Cvi\u010dte techniku \u200b\u200bven a sp\u00e1tky na hladinu<\/li>\n<li>\u010ctverce a troj\u00faheln\u00edky na hladin\u011b<\/li>\n<li>Na dn\u011b prove\u010fte \u010dtverec<\/li>\n<li>Na dn\u011b prove\u010fte troj\u00faheln\u00edk<\/li>\n<li>Vystoupejte na bezpe\u010dnostn\u00ed zast\u00e1vku<\/li>\n<li>V\u00fdstup a z\u00e1znam ponoru<\/li>\n<\/ul>\n<\/li>\n<\/ul>\n<\/li>\n<\/ul>\n<h3>Co z toho pro v\u00e1s bude?<\/h3>\n<ul>\n<li>Mo\u017enost za\u017e\u00edt n\u011bkolik specialit SDI<\/li>\n<li>Pokra\u010dujte ve vzd\u011bl\u00e1v\u00e1n\u00ed, dovednostech a znalostech pot\u00e1p\u011b\u010d\u016f<\/li>\n<li>Schopnost zapsat se a absolvovat vybran\u00e9 speciality<\/li>\n<li>Po \u00fasp\u011b\u0161n\u00e9m absolvov\u00e1n\u00ed schopnost zapsat se do kurzu SDI Recue Diver<\/li>\n<\/ul>\n<h3>Minim\u00e1ln\u00ed po\u017eadavky na SDI Advanced Adventure Diver:<\/h3>\n<ul>\n<li>Uspokojiv\u011b dokon\u010dete p\u0159\u00edslu\u0161n\u00e9 \u00fakoly SDI Advanced Adventure Diver Knowledge Quest s \u00fasp\u011b\u0161nost\u00ed 80 %, n\u00e1sledovan\u00e9 100% n\u00e1pravou instruktorem.<\/li>\n<li>Spl\u0148te v\u0161echny po\u017eadavky kurzu efektivn\u011b<\/li>\n<li>Prok\u00e1zat zral\u00fd a zdrav\u00fd \u00fasudek ohledn\u011b pl\u00e1nov\u00e1n\u00ed a prov\u00e1d\u011bn\u00ed ponor\u016f<\/li>\n<\/ul>\n","protected":false},"excerpt":{"rendered":"<p>Pokud jste absolvovali kurz Open Water Scuba Diver a nyn\u00ed jste p\u0159ipraveni roz\u0161\u00ed\u0159it sv\u00e9 znalosti, ale r\u00e1di byste nejprve vid\u011bli, co je venku, pak je kurz SDI Advanced Adventure Diver pro v\u00e1s!\u00a0Kurz SDI Advanced Adventure v\u00e1m poskytne p\u0159ehled o p\u011bti r\u016fzn\u00fdch specialit\u00e1ch SDI.\u00a0Dv\u011b z po\u017eadovan\u00fdch specializac\u00ed jsou specializace Deep Diver a Navigation Diver, kter\u00e9 jsou z\u00e1kladem dal\u0161\u00edho vzd\u011bl\u00e1v\u00e1n\u00ed pot\u00e1p\u011b\u010d\u016f.\u00a0Mezi zb\u00fdvaj\u00edc\u00ed speci\u00e1ln\u00ed ponory, pro kter\u00e9 se m\u016f\u017eete rozhodnout, pat\u0159\u00ed:<\/p>\n<ul>\n<li>Pokro\u010dil\u00e9 ovl\u00e1d\u00e1n\u00ed vztlaku<\/li>\n<li>Pot\u00e1p\u011bn\u00ed ve vysok\u00e9 nadmo\u0159sk\u00e9 v\u00fd\u0161ce<\/li>\n<li>Pot\u00e1p\u011bn\u00ed z lod\u011b<\/li>\n<li>Pot\u00e1p\u011bn\u00ed se sm\u011bs\u00ed Nitrox<\/li>\n<li>Pot\u00e1p\u011bn\u00ed v proudech<\/li>\n<li>Pov\u011bdom\u00ed o mo\u0159sk\u00e9m ekosyst\u00e9mu<\/li>\n<li>Mnoho dal\u0161\u00edch!<\/li>\n<\/ul>\n<p>C\u00edlem tohoto kurzu je sezn\u00e1mit v\u00e1s s ka\u017edou z p\u011bti vybran\u00fdch specializac\u00ed;\u00a0ne \u00fapln\u00e9 pochopen\u00ed zvolen\u00e9 specializace.\u00a0K dokon\u010den\u00ed certifikace speciality m\u016f\u017ee b\u00fdt pou\u017eit jeden ponor z ka\u017ed\u00e9 z vybran\u00fdch specializac\u00ed.<\/p>\n","protected":false},"featured_media":483,"comment_status":"open","ping_status":"closed","template":"","meta":{"om_disable_all_campaigns":false,"_monsterinsights_skip_tracking":false,"_monsterinsights_sitenote_active":false,"_monsterinsights_sitenote_note":"","_monsterinsights_sitenote_category":0},"product_brand":[],"product_cat":[19,28],"product_tag":[],"class_list":{"0":"post-125","1":"product","2":"type-product","3":"status-publish","4":"has-post-thumbnail","6":"product_cat-sdi","7":"product_cat-zakladni","9":"first","10":"instock","11":"virtual","12":"purchasable","13":"product-type-simple"},"yoast_head":"<!-- This site is optimized with the Yoast SEO plugin v26.7 - https:\/\/yoast.com\/wordpress\/plugins\/seo\/ -->\n<title>Advanced Adventure -diver - Pot\u00e1p\u011bn\u00ed V HURGHAD\u011a<\/title>\n<meta name=\"description\" content=\"Kurz SDI Advanced Adventure diver v\u00e1m poskytne p\u0159ehled o p\u011bti r\u016fzn\u00fdch specialit\u00e1ch SDI. Dv\u011b z po\u017eadovan\u00fdch jsou specializace Deep Diver a Navigation Diver\" \/>\n<meta name=\"robots\" content=\"index, follow, max-snippet:-1, max-image-preview:large, max-video-preview:-1\" \/>\n<link rel=\"canonical\" href=\"https:\/\/www.divinghurghada.eu\/shop\/index.php\/produkt\/advanced-adventure\/\" \/>\n<meta property=\"og:locale\" content=\"sk_SK\" \/>\n<meta property=\"og:type\" content=\"article\" \/>\n<meta property=\"og:title\" content=\"Advanced Adventure -diver - Pot\u00e1p\u011bn\u00ed V HURGHAD\u011a\" \/>\n<meta property=\"og:description\" content=\"Kurz SDI Advanced Adventure diver v\u00e1m poskytne p\u0159ehled o p\u011bti r\u016fzn\u00fdch specialit\u00e1ch SDI. Dv\u011b z po\u017eadovan\u00fdch jsou specializace Deep Diver a Navigation Diver\" \/>\n<meta property=\"og:url\" content=\"https:\/\/www.divinghurghada.eu\/shop\/index.php\/produkt\/advanced-adventure\/\" \/>\n<meta property=\"og:site_name\" content=\"Pot\u00e1p\u011bn\u00ed V HURGHAD\u011a\" \/>\n<meta property=\"article:modified_time\" content=\"2025-04-16T11:51:47+00:00\" \/>\n<meta property=\"og:image\" content=\"https:\/\/www.divinghurghada.eu\/shop\/wp-content\/uploads\/2022\/09\/1664524804958.jpeg\" \/>\n\t<meta property=\"og:image:width\" content=\"960\" \/>\n\t<meta property=\"og:image:height\" content=\"720\" \/>\n\t<meta property=\"og:image:type\" content=\"image\/jpeg\" \/>\n<meta name=\"twitter:card\" content=\"summary_large_image\" \/>\n<meta name=\"twitter:label1\" content=\"Predpokladan\u00fd \u010das \u010d\u00edtania\" \/>\n\t<meta name=\"twitter:data1\" content=\"3 min\u00faty\" \/>\n<script type=\"application\/ld+json\" class=\"yoast-schema-graph\">{\"@context\":\"https:\/\/schema.org\",\"@graph\":[{\"@type\":\"WebPage\",\"@id\":\"https:\/\/www.divinghurghada.eu\/shop\/index.php\/produkt\/advanced-adventure\/\",\"url\":\"https:\/\/www.divinghurghada.eu\/shop\/index.php\/produkt\/advanced-adventure\/\",\"name\":\"Advanced Adventure -diver - Pot\u00e1p\u011bn\u00ed V HURGHAD\u011a\",\"isPartOf\":{\"@id\":\"https:\/\/www.divinghurghada.eu\/shop\/#website\"},\"primaryImageOfPage\":{\"@id\":\"https:\/\/www.divinghurghada.eu\/shop\/index.php\/produkt\/advanced-adventure\/#primaryimage\"},\"image\":{\"@id\":\"https:\/\/www.divinghurghada.eu\/shop\/index.php\/produkt\/advanced-adventure\/#primaryimage\"},\"thumbnailUrl\":\"https:\/\/www.divinghurghada.eu\/shop\/wp-content\/uploads\/2022\/09\/1664524804958.jpeg\",\"datePublished\":\"2022-09-25T14:28:16+00:00\",\"dateModified\":\"2025-04-16T11:51:47+00:00\",\"description\":\"Kurz SDI Advanced Adventure diver v\u00e1m poskytne p\u0159ehled o p\u011bti r\u016fzn\u00fdch specialit\u00e1ch SDI. Dv\u011b z po\u017eadovan\u00fdch jsou specializace Deep Diver a Navigation Diver\",\"breadcrumb\":{\"@id\":\"https:\/\/www.divinghurghada.eu\/shop\/index.php\/produkt\/advanced-adventure\/#breadcrumb\"},\"inLanguage\":\"sk-SK\",\"potentialAction\":[{\"@type\":\"ReadAction\",\"target\":[\"https:\/\/www.divinghurghada.eu\/shop\/index.php\/produkt\/advanced-adventure\/\"]}]},{\"@type\":\"ImageObject\",\"inLanguage\":\"sk-SK\",\"@id\":\"https:\/\/www.divinghurghada.eu\/shop\/index.php\/produkt\/advanced-adventure\/#primaryimage\",\"url\":\"https:\/\/www.divinghurghada.eu\/shop\/wp-content\/uploads\/2022\/09\/1664524804958.jpeg\",\"contentUrl\":\"https:\/\/www.divinghurghada.eu\/shop\/wp-content\/uploads\/2022\/09\/1664524804958.jpeg\",\"width\":960,\"height\":720,\"caption\":\"Advanced Adventure diver\"},{\"@type\":\"BreadcrumbList\",\"@id\":\"https:\/\/www.divinghurghada.eu\/shop\/index.php\/produkt\/advanced-adventure\/#breadcrumb\",\"itemListElement\":[{\"@type\":\"ListItem\",\"position\":1,\"name\":\"Home\",\"item\":\"https:\/\/www.divinghurghada.eu\/shop\/\"},{\"@type\":\"ListItem\",\"position\":2,\"name\":\"rezervace\",\"item\":\"https:\/\/www.divinghurghada.eu\/shop\/\"},{\"@type\":\"ListItem\",\"position\":3,\"name\":\"ADVANCED ADVENTURE DIVER\"}]},{\"@type\":\"WebSite\",\"@id\":\"https:\/\/www.divinghurghada.eu\/shop\/#website\",\"url\":\"https:\/\/www.divinghurghada.eu\/shop\/\",\"name\":\"Pot\u00e1p\u011bn\u00ed V HURGHAD\u011a\",\"description\":\"Terapii neopt\u0159ebuje\u0161, pot\u0159ebuje\u0161 se jen pot\u00e1p\u011bt.\",\"publisher\":{\"@id\":\"https:\/\/www.divinghurghada.eu\/shop\/#organization\"},\"potentialAction\":[{\"@type\":\"SearchAction\",\"target\":{\"@type\":\"EntryPoint\",\"urlTemplate\":\"https:\/\/www.divinghurghada.eu\/shop\/?s={search_term_string}\"},\"query-input\":{\"@type\":\"PropertyValueSpecification\",\"valueRequired\":true,\"valueName\":\"search_term_string\"}}],\"inLanguage\":\"sk-SK\"},{\"@type\":\"Organization\",\"@id\":\"https:\/\/www.divinghurghada.eu\/shop\/#organization\",\"name\":\"Pot\u00e1p\u011bn\u00ed V HURGHAD\u011a\",\"url\":\"https:\/\/www.divinghurghada.eu\/shop\/\",\"logo\":{\"@type\":\"ImageObject\",\"inLanguage\":\"sk-SK\",\"@id\":\"https:\/\/www.divinghurghada.eu\/shop\/#\/schema\/logo\/image\/\",\"url\":\"https:\/\/www.divinghurghada.eu\/shop\/wp-content\/uploads\/2023\/11\/logo-w.png\",\"contentUrl\":\"https:\/\/www.divinghurghada.eu\/shop\/wp-content\/uploads\/2023\/11\/logo-w.png\",\"width\":141,\"height\":70,\"caption\":\"Pot\u00e1p\u011bn\u00ed V HURGHAD\u011a\"},\"image\":{\"@id\":\"https:\/\/www.divinghurghada.eu\/shop\/#\/schema\/logo\/image\/\"}}]}<\/script>\n<!-- \/ Yoast SEO plugin. -->","yoast_head_json":{"title":"Advanced Adventure -diver - Pot\u00e1p\u011bn\u00ed V HURGHAD\u011a","description":"Kurz SDI Advanced Adventure diver v\u00e1m poskytne p\u0159ehled o p\u011bti r\u016fzn\u00fdch specialit\u00e1ch SDI. Dv\u011b z po\u017eadovan\u00fdch jsou specializace Deep Diver a Navigation Diver","robots":{"index":"index","follow":"follow","max-snippet":"max-snippet:-1","max-image-preview":"max-image-preview:large","max-video-preview":"max-video-preview:-1"},"canonical":"https:\/\/www.divinghurghada.eu\/shop\/index.php\/produkt\/advanced-adventure\/","og_locale":"sk_SK","og_type":"article","og_title":"Advanced Adventure -diver - Pot\u00e1p\u011bn\u00ed V HURGHAD\u011a","og_description":"Kurz SDI Advanced Adventure diver v\u00e1m poskytne p\u0159ehled o p\u011bti r\u016fzn\u00fdch specialit\u00e1ch SDI. Dv\u011b z po\u017eadovan\u00fdch jsou specializace Deep Diver a Navigation Diver","og_url":"https:\/\/www.divinghurghada.eu\/shop\/index.php\/produkt\/advanced-adventure\/","og_site_name":"Pot\u00e1p\u011bn\u00ed V HURGHAD\u011a","article_modified_time":"2025-04-16T11:51:47+00:00","og_image":[{"width":960,"height":720,"url":"https:\/\/www.divinghurghada.eu\/shop\/wp-content\/uploads\/2022\/09\/1664524804958.jpeg","type":"image\/jpeg"}],"twitter_card":"summary_large_image","twitter_misc":{"Predpokladan\u00fd \u010das \u010d\u00edtania":"3 min\u00faty"},"schema":{"@context":"https:\/\/schema.org","@graph":[{"@type":"WebPage","@id":"https:\/\/www.divinghurghada.eu\/shop\/index.php\/produkt\/advanced-adventure\/","url":"https:\/\/www.divinghurghada.eu\/shop\/index.php\/produkt\/advanced-adventure\/","name":"Advanced Adventure -diver - Pot\u00e1p\u011bn\u00ed V HURGHAD\u011a","isPartOf":{"@id":"https:\/\/www.divinghurghada.eu\/shop\/#website"},"primaryImageOfPage":{"@id":"https:\/\/www.divinghurghada.eu\/shop\/index.php\/produkt\/advanced-adventure\/#primaryimage"},"image":{"@id":"https:\/\/www.divinghurghada.eu\/shop\/index.php\/produkt\/advanced-adventure\/#primaryimage"},"thumbnailUrl":"https:\/\/www.divinghurghada.eu\/shop\/wp-content\/uploads\/2022\/09\/1664524804958.jpeg","datePublished":"2022-09-25T14:28:16+00:00","dateModified":"2025-04-16T11:51:47+00:00","description":"Kurz SDI Advanced Adventure diver v\u00e1m poskytne p\u0159ehled o p\u011bti r\u016fzn\u00fdch specialit\u00e1ch SDI. Dv\u011b z po\u017eadovan\u00fdch jsou specializace Deep Diver a Navigation Diver","breadcrumb":{"@id":"https:\/\/www.divinghurghada.eu\/shop\/index.php\/produkt\/advanced-adventure\/#breadcrumb"},"inLanguage":"sk-SK","potentialAction":[{"@type":"ReadAction","target":["https:\/\/www.divinghurghada.eu\/shop\/index.php\/produkt\/advanced-adventure\/"]}]},{"@type":"ImageObject","inLanguage":"sk-SK","@id":"https:\/\/www.divinghurghada.eu\/shop\/index.php\/produkt\/advanced-adventure\/#primaryimage","url":"https:\/\/www.divinghurghada.eu\/shop\/wp-content\/uploads\/2022\/09\/1664524804958.jpeg","contentUrl":"https:\/\/www.divinghurghada.eu\/shop\/wp-content\/uploads\/2022\/09\/1664524804958.jpeg","width":960,"height":720,"caption":"Advanced Adventure diver"},{"@type":"BreadcrumbList","@id":"https:\/\/www.divinghurghada.eu\/shop\/index.php\/produkt\/advanced-adventure\/#breadcrumb","itemListElement":[{"@type":"ListItem","position":1,"name":"Home","item":"https:\/\/www.divinghurghada.eu\/shop\/"},{"@type":"ListItem","position":2,"name":"rezervace","item":"https:\/\/www.divinghurghada.eu\/shop\/"},{"@type":"ListItem","position":3,"name":"ADVANCED ADVENTURE DIVER"}]},{"@type":"WebSite","@id":"https:\/\/www.divinghurghada.eu\/shop\/#website","url":"https:\/\/www.divinghurghada.eu\/shop\/","name":"Pot\u00e1p\u011bn\u00ed V HURGHAD\u011a","description":"Terapii neopt\u0159ebuje\u0161, pot\u0159ebuje\u0161 se jen pot\u00e1p\u011bt.","publisher":{"@id":"https:\/\/www.divinghurghada.eu\/shop\/#organization"},"potentialAction":[{"@type":"SearchAction","target":{"@type":"EntryPoint","urlTemplate":"https:\/\/www.divinghurghada.eu\/shop\/?s={search_term_string}"},"query-input":{"@type":"PropertyValueSpecification","valueRequired":true,"valueName":"search_term_string"}}],"inLanguage":"sk-SK"},{"@type":"Organization","@id":"https:\/\/www.divinghurghada.eu\/shop\/#organization","name":"Pot\u00e1p\u011bn\u00ed V HURGHAD\u011a","url":"https:\/\/www.divinghurghada.eu\/shop\/","logo":{"@type":"ImageObject","inLanguage":"sk-SK","@id":"https:\/\/www.divinghurghada.eu\/shop\/#\/schema\/logo\/image\/","url":"https:\/\/www.divinghurghada.eu\/shop\/wp-content\/uploads\/2023\/11\/logo-w.png","contentUrl":"https:\/\/www.divinghurghada.eu\/shop\/wp-content\/uploads\/2023\/11\/logo-w.png","width":141,"height":70,"caption":"Pot\u00e1p\u011bn\u00ed V HURGHAD\u011a"},"image":{"@id":"https:\/\/www.divinghurghada.eu\/shop\/#\/schema\/logo\/image\/"}}]}},"jetpack_sharing_enabled":true,"_links":{"self":[{"href":"https:\/\/www.divinghurghada.eu\/shop\/index.php\/wp-json\/wp\/v2\/product\/125","targetHints":{"allow":["GET"]}}],"collection":[{"href":"https:\/\/www.divinghurghada.eu\/shop\/index.php\/wp-json\/wp\/v2\/product"}],"about":[{"href":"https:\/\/www.divinghurghada.eu\/shop\/index.php\/wp-json\/wp\/v2\/types\/product"}],"replies":[{"embeddable":true,"href":"https:\/\/www.divinghurghada.eu\/shop\/index.php\/wp-json\/wp\/v2\/comments?post=125"}],"wp:featuredmedia":[{"embeddable":true,"href":"https:\/\/www.divinghurghada.eu\/shop\/index.php\/wp-json\/wp\/v2\/media\/483"}],"wp:attachment":[{"href":"https:\/\/www.divinghurghada.eu\/shop\/index.php\/wp-json\/wp\/v2\/media?parent=125"}],"wp:term":[{"taxonomy":"product_brand","embeddable":true,"href":"https:\/\/www.divinghurghada.eu\/shop\/index.php\/wp-json\/wp\/v2\/product_brand?post=125"},{"taxonomy":"product_cat","embeddable":true,"href":"https:\/\/www.divinghurghada.eu\/shop\/index.php\/wp-json\/wp\/v2\/product_cat?post=125"},{"taxonomy":"product_tag","embeddable":true,"href":"https:\/\/www.divinghurghada.eu\/shop\/index.php\/wp-json\/wp\/v2\/product_tag?post=125"}],"curies":[{"name":"wp","href":"https:\/\/api.w.org\/{rel}","templated":true}]}}